{"id":188,"date":"2021-04-13T19:10:53","date_gmt":"2021-04-13T19:10:53","guid":{"rendered":"https:\/\/informe.facmed.unam.mx\/?page_id=188"},"modified":"2021-04-27T01:29:03","modified_gmt":"2021-04-27T01:29:03","slug":"docencia-posgrado","status":"publish","type":"page","link":"https:\/\/informe.facmed.unam.mx\/index.php\/docencia-posgrado\/","title":{"rendered":"Docencia Posgrado"},"content":{"rendered":"<p>[et_pb_section fb_built=\u00bb1&#8243; _builder_version=\u00bb4.9.3&#8243; background_image=\u00bbhttps:\/\/informe.facmed.unam.mx\/wp-content\/uploads\/2021\/04\/DSC05953-scaled-1.jpeg\u00bb parallax=\u00bbon\u00bb custom_margin=\u00bb0px||0px||false|false\u00bb custom_padding=\u00bb0px||0px||false|false\u00bb][et_pb_row column_structure=\u00bb1_2,1_2&#8243; custom_padding_last_edited=\u00bbon|phone\u00bb _builder_version=\u00bb4.9.3&#8243; background_image=\u00bbhttps:\/\/informe.facmed.unam.mx\/wp-content\/uploads\/2021\/04\/fontria-2.png\u00bb width=\u00bb100%\u00bb max_width=\u00bb2560px\u00bb custom_padding=\u00bb||169px|||\u00bb custom_padding_tablet=\u00bb\u00bb custom_padding_phone=\u00bb||50px||false|false\u00bb background_last_edited=\u00bbon|phone\u00bb background_image_phone=\u00bbhttps:\/\/informe.facmed.unam.mx\/wp-content\/uploads\/2021\/04\/Identidad-Informe-2020_2-3.png\u00bb background_enable_image_phone=\u00bbon\u00bb][et_pb_column type=\u00bb1_2&#8243; _builder_version=\u00bb4.9.3&#8243;][et_pb_text _builder_version=\u00bb4.9.3&#8243; header_font=\u00bbMontserrat|800|||||||\u00bb header_text_align=\u00bbleft\u00bb header_text_color=\u00bb#FFFFFF\u00bb header_font_size=\u00bb39px\u00bb text_orientation=\u00bbright\u00bb custom_margin=\u00bb15%|||20%|false|false\u00bb custom_margin_tablet=\u00bb\u00bb custom_margin_phone=\u00bb15%|||10%|false|false\u00bb custom_margin_last_edited=\u00bbon|phone\u00bb hover_enabled=\u00bb0&#8243; header_font_size_tablet=\u00bb\u00bb header_font_size_phone=\u00bb33px\u00bb header_font_size_last_edited=\u00bbon|phone\u00bb sticky_enabled=\u00bb0&#8243;]<\/p>\n<h1>Divisi\u00f3n de Estudios de Posgrado<\/h1>\n<p>[\/et_pb_text][et_pb_text _builder_version=\u00bb4.9.3&#8243; text_font=\u00bbMontserrat||||||||\u00bb text_text_color=\u00bb#e09900&#8243; text_letter_spacing=\u00bb13px\u00bb header_font=\u00bbMontserrat|700|||||||\u00bb header_text_align=\u00bbleft\u00bb header_text_color=\u00bb#EDF000&#8243; header_font_size=\u00bb47px\u00bb custom_margin=\u00bb-20px|||20%|false|false\u00bb custom_margin_tablet=\u00bb\u00bb custom_margin_phone=\u00bb-20px|||10%|false|false\u00bb custom_margin_last_edited=\u00bbon|phone\u00bb custom_padding=\u00bb0px||||false|false\u00bb]<\/p>\n<p>NUMERALIA 2020-2021<\/p>\n<p>[\/et_pb_text][\/et_pb_column][et_pb_column type=\u00bb1_2&#8243; _builder_version=\u00bb4.9.3&#8243;][\/et_pb_column][\/et_pb_row][\/et_pb_section][et_pb_section fb_built=\u00bb1&#8243; _builder_version=\u00bb4.9.3&#8243; background_color=\u00bb#FFFFFF\u00bb background_enable_image=\u00bboff\u00bb parallax=\u00bbon\u00bb custom_padding=\u00bb||16px|||\u00bb][et_pb_row _builder_version=\u00bb4.9.3&#8243; _module_preset=\u00bbdefault\u00bb][et_pb_column type=\u00bb4_4&#8243; _builder_version=\u00bb4.9.3&#8243; _module_preset=\u00bbdefault\u00bb][et_pb_text _builder_version=\u00bb4.9.3&#8243; text_font=\u00bbMontserrat|600|||||||\u00bb text_text_color=\u00bb#1B2B54&#8243; text_font_size=\u00bb21px\u00bb header_text_color=\u00bb#8A5D17&#8243; text_orientation=\u00bbcenter\u00bb custom_margin=\u00bb||-16px|||\u00bb]<\/p>\n<p><span>Alumnos inscritos a la Divisi\u00f3n de Posgrado<\/span><\/p>\n<p>[\/et_pb_text][\/et_pb_column][\/et_pb_row][et_pb_row _builder_version=\u00bb4.9.3&#8243; _module_preset=\u00bbdefault\u00bb width=\u00bb400px\u00bb width_tablet=\u00bb\u00bb width_phone=\u00bbauto\u00bb width_last_edited=\u00bbon|phone\u00bb custom_padding=\u00bb||1px|||\u00bb][et_pb_column type=\u00bb4_4&#8243; _builder_version=\u00bb4.9.3&#8243; _module_preset=\u00bbdefault\u00bb][et_pb_text _builder_version=\u00bb4.9.3&#8243; _module_preset=\u00bbdefault\u00bb]<\/p>\n<table>\n<tbody>\n<tr>\n<td width=\"103\" style=\"text-align: center; background-color: #336699;\">\n<p><span style=\"color: #ffffff;\"><strong>Ciclo escolar<\/strong><\/span><\/p>\n<\/td>\n<td width=\"145\" style=\"text-align: center; background-color: #336699;\">\n<p><span style=\"color: #ffffff;\"><strong>Plan \u00danico de Especializaciones M\u00e9dicas (PUEM)<\/strong><\/span><\/p>\n<\/td>\n<td width=\"145\" style=\"text-align: center; background-color: #336699;\">\n<p><span style=\"color: #ffffff;\"><strong>Programa de Alta Especialidad<\/strong><\/span><\/p>\n<\/td>\n<\/tr>\n<tr>\n<td width=\"103\" style=\"text-align: center;\">\n<p><strong>2019-2020<\/strong><\/p>\n<\/td>\n<td width=\"145\" style=\"text-align: center;\">\n<p>11,952<\/p>\n<\/td>\n<td width=\"145\" style=\"text-align: center;\">\n<p>1,529<\/p>\n<\/td>\n<\/tr>\n<tr>\n<td width=\"103\" style=\"text-align: center;\">\n<p><strong>2020-2021<\/strong><\/p>\n<\/td>\n<td width=\"145\" style=\"text-align: center;\">\n<p>11,865<\/p>\n<\/td>\n<td width=\"145\" style=\"text-align: center;\">\n<p>1,326<\/p>\n<\/td>\n<\/tr>\n<\/tbody>\n<\/table>\n<p>[\/et_pb_text][\/et_pb_column][\/et_pb_row][et_pb_row column_structure=\u00bb1_3,1_3,1_3&#8243; _builder_version=\u00bb4.9.3&#8243; background_color=\u00bb#efefef\u00bb custom_padding=\u00bb9px||0px|||\u00bb][et_pb_column type=\u00bb1_3&#8243; _builder_version=\u00bb4.9.3&#8243;][et_pb_text _builder_version=\u00bb4.9.3&#8243; _module_preset=\u00bbdefault\u00bb text_font=\u00bb|600|||||||\u00bb text_text_color=\u00bb#1B2B54&#8243; text_font_size=\u00bb51px\u00bb header_text_align=\u00bbcenter\u00bb header_font_size=\u00bb41px\u00bb text_orientation=\u00bbcenter\u00bb custom_padding=\u00bb40px||||false|false\u00bb]Total[\/et_pb_text][et_pb_text _builder_version=\u00bb4.9.3&#8243; _module_preset=\u00bbdefault\u00bb text_font_size=\u00bb11px\u00bb text_orientation=\u00bbcenter\u00bb custom_padding=\u00bb|10px|10px|10px|false|false\u00bb]<\/p>\n<p>*Los datos reportados corresponden al a\u00f1o electivo 2020 en los ciclos escolares 2019-2020 y 2020-2021.<\/p>\n<p>[\/et_pb_text][\/et_pb_column][et_pb_column type=\u00bb1_3&#8243; _builder_version=\u00bb4.9.3&#8243;][et_pb_number_counter title=\u00bbPlan \u00danico de Especializaciones M\u00e9dicas (PUEM)\u00bb number=\u00bb23,817&#8243; percent_sign=\u00bboff\u00bb _builder_version=\u00bb4.9.3&#8243; title_font=\u00bb|600|||||||\u00bb title_text_color=\u00bb#3f3f3f\u00bb title_font_size=\u00bb17px\u00bb number_font=\u00bb|700|||||||\u00bb number_text_color=\u00bb#1B2B54&#8243; number_font_size=\u00bb38px\u00bb number_line_height=\u00bb100px\u00bb custom_margin=\u00bb||||false|false\u00bb][\/et_pb_number_counter][\/et_pb_column][et_pb_column type=\u00bb1_3&#8243; _builder_version=\u00bb4.9.3&#8243;][et_pb_number_counter title=\u00bbPrograma de Alta   Especialidad\u00bb number=\u00bb2,855&#8243; percent_sign=\u00bboff\u00bb _builder_version=\u00bb4.9.3&#8243; title_font=\u00bb|600|||||||\u00bb title_text_color=\u00bb#3f3f3f\u00bb title_font_size=\u00bb17px\u00bb number_font=\u00bb|700|||||||\u00bb number_text_color=\u00bb#1B2B54&#8243; number_font_size=\u00bb38px\u00bb number_line_height=\u00bb100px\u00bb custom_margin=\u00bb||||false|false\u00bb][\/et_pb_number_counter][\/et_pb_column][\/et_pb_row][\/et_pb_section][et_pb_section fb_built=\u00bb1&#8243; _builder_version=\u00bb4.9.3&#8243; _module_preset=\u00bbdefault\u00bb background_enable_color=\u00bboff\u00bb custom_padding=\u00bb14px||59px|||\u00bb][et_pb_row _builder_version=\u00bb4.9.3&#8243; _module_preset=\u00bbdefault\u00bb custom_padding=\u00bb||7px|||\u00bb][et_pb_column type=\u00bb4_4&#8243; _builder_version=\u00bb4.9.3&#8243; _module_preset=\u00bbdefault\u00bb][et_pb_toggle title=\u00bbElementos que integran el proceso de evaluaci\u00f3n en el a\u00f1o 2020&#8243; open_toggle_text_color=\u00bb#162B3C\u00bb closed_toggle_background_color=\u00bb#162B3C\u00bb icon_color=\u00bb#FCC028&#8243; _builder_version=\u00bb4.9.3&#8243; _module_preset=\u00bbdefault\u00bb title_text_color=\u00bb#FFFFFF\u00bb title_font=\u00bb|600|||||||\u00bb title_text_align=\u00bbcenter\u00bb border_radii=\u00bbon|10px|10px|10px|10px\u00bb border_width_all=\u00bb0px\u00bb]<\/p>\n<table width=\"78%\">\n<tbody>\n<tr>\n<td width=\"52%\" style=\"background-color: #336699;\"><span style=\"color: #ffffff;\"><strong>\u00a0<\/strong><\/span><\/td>\n<td width=\"47%\" style=\"background-color: #336699;\"><span style=\"color: #ffffff;\"><strong>2020<\/strong><\/span><\/td>\n<\/tr>\n<tr>\n<td width=\"52%\">Instrumentos de evaluaci\u00f3n para 78 cursos de especializaci\u00f3n<\/td>\n<td width=\"47%\">217<\/td>\n<\/tr>\n<tr>\n<td width=\"52%\">N\u00famero de aplicaciones de examen de competencia acad\u00e9mica<\/td>\n<td width=\"47%\">3 (n=903)<\/td>\n<\/tr>\n<tr>\n<td width=\"52%\">N\u00famero de especialidades con actualizaci\u00f3n de contenidos en examen<\/td>\n<td width=\"47%\">100% (78)*<\/td>\n<\/tr>\n<tr>\n<td width=\"52%\">Aplicaci\u00f3n remota<\/td>\n<td width=\"47%\">Todas las sedes (129\/129)**<\/td>\n<\/tr>\n<tr>\n<td width=\"52%\">Reducci\u00f3n de gastos en aplicaci\u00f3n de examen<\/td>\n<td width=\"47%\">Se redujo al 100% el gasto de vi\u00e1ticos, boletos de avi\u00f3n y reducci\u00f3n parcial en horas extras<\/td>\n<\/tr>\n<tr>\n<td colspan=\"2\" width=\"100%\">\n<p><strong>*<\/strong> Incluye Infectolog\u00eda Pedi\u00e1trica. No se considera Medicina Familiar.<\/p>\n<p>** Incluye sedes, subsedes y sedes de nueva apertura.<\/p>\n<\/td>\n<\/tr>\n<\/tbody>\n<\/table>\n<p>[\/et_pb_toggle][et_pb_toggle title=\u00bbIncremento de la Calidad Educativa\u00bb open_toggle_text_color=\u00bb#162B3C\u00bb closed_toggle_background_color=\u00bb#162B3C\u00bb icon_color=\u00bb#FCC028&#8243; _builder_version=\u00bb4.9.3&#8243; _module_preset=\u00bbdefault\u00bb title_text_color=\u00bb#FFFFFF\u00bb title_font=\u00bb|600|||||||\u00bb title_text_align=\u00bbcenter\u00bb border_radii=\u00bbon|10px|10px|10px|10px\u00bb border_width_all=\u00bb0px\u00bb]<\/p>\n<p>A continuaci\u00f3n, se muestran las sedes y cursos impartidos en el a\u00f1o 2020 a nivel de especializaciones m\u00e9dicas:<\/p>\n<p>&nbsp;<\/p>\n<table width=\"28%\">\n<tbody>\n<tr>\n<td width=\"49%\"><strong>Especializaci\u00f3n m\u00e9dica<\/strong><\/td>\n<td width=\"50%\"><strong>Total<\/strong><\/td>\n<\/tr>\n<tr>\n<td width=\"49%\"><strong>Cursos<\/strong><\/td>\n<td width=\"50%\">662<\/td>\n<\/tr>\n<tr>\n<td width=\"49%\"><strong>Sedes<\/strong><\/td>\n<td width=\"50%\">141<\/td>\n<\/tr>\n<\/tbody>\n<\/table>\n<p>&nbsp;<\/p>\n<p>[\/et_pb_toggle][\/et_pb_column][\/et_pb_row][\/et_pb_section][et_pb_section fb_built=\u00bb1&#8243; _builder_version=\u00bb4.9.3&#8243; _module_preset=\u00bbdefault\u00bb background_color=\u00bb#e89625&#8243; background_image=\u00bbhttps:\/\/informe.facmed.unam.mx\/wp-content\/uploads\/2021\/04\/golf_course_44.png\u00bb parallax=\u00bbon\u00bb][et_pb_row _builder_version=\u00bb4.9.3&#8243; _module_preset=\u00bbdefault\u00bb][et_pb_column type=\u00bb4_4&#8243; _builder_version=\u00bb4.9.3&#8243; _module_preset=\u00bbdefault\u00bb][et_pb_text _builder_version=\u00bb4.9.3&#8243; _module_preset=\u00bbdefault\u00bb text_font=\u00bbMontserrat|600|||||||\u00bb text_text_color=\u00bb#FFFFFF\u00bb text_font_size=\u00bb21px\u00bb header_text_color=\u00bb#162B3C\u00bb text_orientation=\u00bbcenter\u00bb]<\/p>\n<p>Alumnos inscritos en los 78 cursos de especializaci\u00f3n en el periodo 2020.<\/p>\n<p>[\/et_pb_text][et_pb_text _builder_version=\u00bb4.9.3&#8243; _module_preset=\u00bbdefault\u00bb width=\u00bb300px\u00bb width_tablet=\u00bb\u00bb width_phone=\u00bbauto\u00bb width_last_edited=\u00bbon|phone\u00bb module_alignment=\u00bbcenter\u00bb]<\/p>\n<table width=\"38%\">\n<tbody>\n<tr>\n<td colspan=\"2\" width=\"100%\" style=\"background-color: #369; width: 100%;\"><span style=\"color: #ffffff;\"><strong>Alumnos inscritos*<\/strong><\/span><\/td>\n<\/tr>\n<tr>\n<td width=\"56%\" style=\"background-color: #ffffff;\"><strong>Primer ingreso<\/strong><\/td>\n<td width=\"43%\" style=\"background-color: #ffffff;\">4,190<\/td>\n<\/tr>\n<tr>\n<td width=\"56%\" style=\"background-color: #ffffff;\"><strong>Reingreso<\/strong><\/td>\n<td width=\"43%\" style=\"background-color: #ffffff;\">7,675<\/td>\n<\/tr>\n<tr>\n<td width=\"56%\" style=\"background-color: #ffffff;\"><strong>Mujeres<\/strong><\/td>\n<td width=\"43%\" style=\"background-color: #ffffff;\">6,181<\/td>\n<\/tr>\n<tr>\n<td width=\"56%\" style=\"background-color: #ffffff;\"><strong>Hombres<\/strong><\/td>\n<td width=\"43%\" style=\"background-color: #ffffff;\">5,684<\/td>\n<\/tr>\n<tr>\n<td width=\"56%\" style=\"background-color: #ffffff;\"><strong>Mexicanos<\/strong><\/td>\n<td width=\"43%\" style=\"background-color: #ffffff;\">11,037<\/td>\n<\/tr>\n<tr>\n<td width=\"56%\" style=\"background-color: #ffffff;\"><strong>Extranjeros<\/strong><\/td>\n<td width=\"43%\" style=\"background-color: #ffffff;\">828<\/td>\n<\/tr>\n<tr>\n<td width=\"56%\" style=\"background-color: #ffffff;\"><strong>Total<\/strong><\/td>\n<td width=\"43%\" style=\"background-color: #ffffff;\"><strong>11,865<\/strong><\/td>\n<\/tr>\n<tr>\n<td colspan=\"2\" width=\"100%\" style=\"background-color: #ffffff;\">* Datos hasta el mes de junio 2020<\/td>\n<\/tr>\n<\/tbody>\n<\/table>\n<h2><\/h2>\n<p>[\/et_pb_text][\/et_pb_column][\/et_pb_row][\/et_pb_section][et_pb_section fb_built=\u00bb1&#8243; _builder_version=\u00bb4.9.3&#8243; _module_preset=\u00bbdefault\u00bb][et_pb_row _builder_version=\u00bb4.9.3&#8243; _module_preset=\u00bbdefault\u00bb][et_pb_column type=\u00bb4_4&#8243; _builder_version=\u00bb4.9.3&#8243; _module_preset=\u00bbdefault\u00bb][et_pb_text _builder_version=\u00bb4.9.3&#8243; _module_preset=\u00bbdefault\u00bb text_font=\u00bbMontserrat|600|||||||\u00bb text_text_color=\u00bb#1B4954&#8243; text_font_size=\u00bb21px\u00bb header_text_color=\u00bb#162B3C\u00bb text_orientation=\u00bbcenter\u00bb]<\/p>\n<p>Caracter\u00edsticas de los CPAEM en el a\u00f1o 2020<\/p>\n<p>[\/et_pb_text][et_pb_text _builder_version=\u00bb4.9.3&#8243; _module_preset=\u00bbdefault\u00bb]<\/p>\n<table>\n<tbody>\n<tr>\n<td width=\"127\" style=\"background-color: #336699;\"><span style=\"color: #ffffff;\"><strong>Descripci\u00f3n<\/strong><\/span><\/td>\n<td width=\"56\" style=\"background-color: #336699;\"><span style=\"color: #ffffff;\"><strong>Total<\/strong><\/span><\/td>\n<\/tr>\n<tr>\n<td width=\"127\">Programas<\/td>\n<td width=\"56\">207<\/td>\n<\/tr>\n<tr>\n<td width=\"127\">Cursos<\/td>\n<td width=\"56\">426<\/td>\n<\/tr>\n<tr>\n<td width=\"127\">Sedes<\/td>\n<td width=\"56\">68<\/td>\n<\/tr>\n<tr>\n<td width=\"127\">Alumnos<\/td>\n<td width=\"56\">1,326<\/td>\n<\/tr>\n<tr>\n<td width=\"127\">Trabajos presentados en la Jornada de Investigaci\u00f3n<\/td>\n<td width=\"56\">1,252<\/td>\n<\/tr>\n<\/tbody>\n<\/table>\n<h2><\/h2>\n<p>[\/et_pb_text][\/et_pb_column][\/et_pb_row][et_pb_row column_structure=\u00bb1_2,1_2&#8243; _builder_version=\u00bb4.9.3&#8243; _module_preset=\u00bbdefault\u00bb][et_pb_column type=\u00bb1_2&#8243; _builder_version=\u00bb4.9.3&#8243; _module_preset=\u00bbdefault\u00bb][et_pb_text _builder_version=\u00bb4.9.3&#8243; _module_preset=\u00bbdefault\u00bb module_alignment=\u00bbcenter\u00bb custom_padding=\u00bb0px|||||\u00bb]<\/p>\n<table width=\"65%\">\n<tbody>\n<tr>\n<td colspan=\"2\" width=\"100%\" style=\"background-color: #336699; width: 100%; text-align: center;\"><span style=\"color: #ffffff;\"><strong>M\u00e9dicos residentes UNAM becados por CONACYT <\/strong><\/span><\/td>\n<\/tr>\n<tr>\n<td width=\"31%\"><strong>Alumnos becarios manutenci\u00f3n<\/strong><\/td>\n<td width=\"68%\">285<\/td>\n<\/tr>\n<tr>\n<td width=\"31%\"><strong>Alumnos becarios movilidad<\/strong><\/td>\n<td width=\"68%\">36<\/td>\n<\/tr>\n<\/tbody>\n<\/table>\n<p>[\/et_pb_text][\/et_pb_column][et_pb_column type=\u00bb1_2&#8243; _builder_version=\u00bb4.9.3&#8243; _module_preset=\u00bbdefault\u00bb][et_pb_text _builder_version=\u00bb4.9.3&#8243; _module_preset=\u00bbdefault\u00bb]<\/p>\n<table>\n<tbody>\n<tr>\n<td colspan=\"2\" width=\"228\" style=\"background-color: #369; width: 228px;\">\n<p style=\"text-align: center;\"><span style=\"color: #ffffff;\"><strong>Unidad de Simulaci\u00f3n de Posgrado (USIP)<\/strong><\/span><\/p>\n<p style=\"text-align: center;\"><span style=\"color: #ffffff;\"><strong>Actividades Basadas en Simulaci\u00f3n en el a\u00f1o 2020<\/strong><\/span><\/p>\n<\/td>\n<\/tr>\n<tr>\n<td width=\"156\"><strong>Actividad<\/strong><\/td>\n<td width=\"72\">Total<\/td>\n<\/tr>\n<tr>\n<td width=\"156\">Cursos<\/td>\n<td width=\"72\">10<\/td>\n<\/tr>\n<tr>\n<td width=\"156\">Participantes<\/td>\n<td width=\"72\">341<\/td>\n<\/tr>\n<\/tbody>\n<\/table>\n<p>[\/et_pb_text][\/et_pb_column][\/et_pb_row][et_pb_row _builder_version=\u00bb4.9.3&#8243; _module_preset=\u00bbdefault\u00bb][et_pb_column type=\u00bb4_4&#8243; _builder_version=\u00bb4.9.3&#8243; _module_preset=\u00bbdefault\u00bb][et_pb_button button_url=\u00bbhttps:\/\/informe.facmed.unam.mx\/wp-content\/uploads\/2021\/04\/5.-Docencia-Posgrado.pdf\u00bb url_new_window=\u00bbon\u00bb button_text=\u00bbVer numeralia completa \u00bb button_alignment=\u00bbcenter\u00bb _builder_version=\u00bb4.9.3&#8243; _module_preset=\u00bbdefault\u00bb custom_button=\u00bbon\u00bb button_text_color=\u00bb#FFFFFF\u00bb button_bg_color=\u00bb#E09900&#8243;][\/et_pb_button][\/et_pb_column][\/et_pb_row][\/et_pb_section]<\/p>\n","protected":false},"excerpt":{"rendered":"<p>Divisi\u00f3n de Estudios de PosgradoNUMERALIA 2020-2021Alumnos inscritos a la Divisi\u00f3n de Posgrado Ciclo escolar Plan \u00danico de Especializaciones M\u00e9dicas (PUEM) Programa de Alta Especialidad 2019-2020 11,952 1,529 2020-2021 11,865 1,326 Total*Los datos reportados corresponden al a\u00f1o electivo 2020 en los ciclos escolares 2019-2020 y 2020-2021. \u00a0 2020 Instrumentos de evaluaci\u00f3n para 78 cursos de especializaci\u00f3n [&hellip;]<\/p>\n","protected":false},"author":1,"featured_media":0,"parent":0,"menu_order":0,"comment_status":"closed","ping_status":"closed","template":"","meta":{"_et_pb_use_builder":"on","_et_pb_old_content":"","_et_gb_content_width":"","footnotes":""},"class_list":["post-188","page","type-page","status-publish","hentry"],"jetpack_sharing_enabled":true,"_links":{"self":[{"href":"https:\/\/informe.facmed.unam.mx\/index.php\/wp-json\/wp\/v2\/pages\/188","targetHints":{"allow":["GET"]}}],"collection":[{"href":"https:\/\/informe.facmed.unam.mx\/index.php\/wp-json\/wp\/v2\/pages"}],"about":[{"href":"https:\/\/informe.facmed.unam.mx\/index.php\/wp-json\/wp\/v2\/types\/page"}],"author":[{"embeddable":true,"href":"https:\/\/informe.facmed.unam.mx\/index.php\/wp-json\/wp\/v2\/users\/1"}],"replies":[{"embeddable":true,"href":"https:\/\/informe.facmed.unam.mx\/index.php\/wp-json\/wp\/v2\/comments?post=188"}],"version-history":[{"count":23,"href":"https:\/\/informe.facmed.unam.mx\/index.php\/wp-json\/wp\/v2\/pages\/188\/revisions"}],"predecessor-version":[{"id":1064,"href":"https:\/\/informe.facmed.unam.mx\/index.php\/wp-json\/wp\/v2\/pages\/188\/revisions\/1064"}],"wp:attachment":[{"href":"https:\/\/informe.facmed.unam.mx\/index.php\/wp-json\/wp\/v2\/media?parent=188"}],"curies":[{"name":"wp","href":"https:\/\/api.w.org\/{rel}","templated":true}]}}